{"id":280,"date":"2019-05-10T07:09:01","date_gmt":"2019-05-10T05:09:01","guid":{"rendered":"https:\/\/www.communication-efficace.com\/?page_id=280"},"modified":"2025-12-20T09:05:34","modified_gmt":"2025-12-20T08:05:34","slug":"contact","status":"publish","type":"page","link":"https:\/\/juliencaudrelier.fr\/index.php\/contact\/","title":{"rendered":"Contact"},"content":{"rendered":"\t\t<div data-elementor-type=\"wp-post\" data-elementor-id=\"280\" class=\"elementor elementor-280\" data-elementor-post-type=\"page\">\n\t\t\t\t\t\t<section class=\"elementor-section elementor-top-section elementor-element elementor-element-8230984 elementor-section-boxed elementor-section-height-default elementor-section-height-default\" data-id=\"8230984\" data-element_type=\"section\" data-e-type=\"section\">\n\t\t\t\t\t\t<div class=\"elementor-container elementor-column-gap-default\">\n\t\t\t\t\t<div class=\"elementor-column elementor-col-100 elementor-top-column elementor-element elementor-element-9d9b6c3\" data-id=\"9d9b6c3\" data-element_type=\"column\" data-e-type=\"column\">\n\t\t\t<div class=\"elementor-widget-wrap elementor-element-populated\">\n\t\t\t\t\t\t<div class=\"elementor-element elementor-element-9b1e119 elementor-widget elementor-widget-html\" data-id=\"9b1e119\" data-element_type=\"widget\" data-e-type=\"widget\" data-widget_type=\"html.default\">\n\t\t\t\t<div class=\"elementor-widget-container\">\n\t\t\t\t\t<style>\n@import url('https:\/\/fonts.googleapis.com\/css2?family=Inter:wght@300;400;500;600;700;800;900&display=swap');\n\nbody, * { font-family: 'Inter', -apple-system, BlinkMacSystemFont, 'Segoe UI', sans-serif !important; }\n\n.dark-input {\n    background-color: #1e293b;\n    border: 1px solid #334155;\n    color: white;\n    transition: all 0.3s ease;\n}\n\n.glow-effect {\n    box-shadow: 0 0 20px rgba(37, 99, 235, 0.3);\n}\n<\/style>\n\n<!-- HEADER -->\n<section style=\"padding: 80px 0 40px; text-align: center; background: #0f172a;\">\n    <div style=\"max-width: 800px; margin: 0 auto; padding: 0 20px;\">\n        <h1 style=\"font-size: clamp(32px, 5vw, 48px); font-weight: 800; color: white; margin-bottom: 24px; line-height: 1.2;\">\n            Franchissez un cap<br>avec une communication qui rapporte !\n        <\/h1>\n        <p style=\"color: #94a3b8; font-size: 18px; margin-bottom: 32px;\">\n            \u23f1\ufe0f 30 min de diagnostic gratuit \u2022 Sans engagement \u2022 4 places\/mois\n        <\/p>\n    <\/div>\n\n    <!-- Bandeau de r\u00e9assurance -->\n    <div style=\"display: flex; justify-content: space-around; max-width: 900px; margin: 60px auto 40px; padding: 30px 20px; background: rgba(66,133,244,.08); border-radius: 16px; border: 1px solid rgba(66,133,244,.2);\">\n        <div style=\"text-align:center;flex:1;\">\u2705<br><strong style=\"color:#fff;font-size:14px;\">Sans engagement<\/strong><\/div>\n        <div style=\"text-align:center;flex:1;\">\u26a1<br><strong style=\"color:#fff;font-size:14px;\">R\u00e9ponse sous 24h<\/strong><\/div>\n        <div style=\"text-align:center;flex:1;\">\ud83c\udfaf<br><strong style=\"color:#fff;font-size:14px;\">4 places\/mois<\/strong><\/div>\n        <div style=\"text-align:center;flex:1;\">\u23f1\ufe0f<br><strong style=\"color:#fff;font-size:14px;\">30 min chrono<\/strong><\/div>\n    <\/div>\n<\/section>\n\n<!-- SECTION PRINCIPALE : SANS FORMULAIRE -->\n<section style=\"padding: 60px 0; background: #0f172a;\">\n    <div style=\"max-width: 900px; margin: 0 auto; padding: 0 20px;\">\n        <div style=\"background:#1e293b; border-radius:24px; padding:48px; border:1px solid #334155; box-shadow:0 25px 50px -12px rgba(0,0,0,.5);\">\n\n            <h3 style=\"font-size: 24px; font-weight: 700; color: white; margin-bottom: 32px;\">\n                \u2139\ufe0f Comment \u00e7a marche ?\n            <\/h3>\n\n            <div style=\"position: relative;\">\n                <div style=\"position:absolute;left:24px;top:8px;bottom:16px;width:2px;background:#334155;\"><\/div>\n\n                <!-- \u00c9tape 1 -->\n                <div style=\"display:flex;gap:16px;margin-bottom:32px;\">\n                    <div style=\"width:48px;height:48px;border-radius:50%;background:#1e293b;border:1px solid #475569;display:flex;align-items:center;justify-content:center;color:white;font-weight:700;\">1<\/div>\n                    <div>\n                        <h4 style=\"color:white;font-weight:700;\">Le Diagnostic (Gratuit)<\/h4>\n                        <p style=\"color:#94a3b8;font-size:14px;\">30 min en visio. On identifie vos blocages. Je vous dis franchement si mon approche est adapt\u00e9e.<\/p>\n                    <\/div>\n                <\/div>\n\n                <!-- \u00c9tape 2 -->\n                <div style=\"display:flex;gap:16px;margin-bottom:32px;\">\n                    <div style=\"width:48px;height:48px;border-radius:50%;background:#1e293b;border:1px solid #475569;display:flex;align-items:center;justify-content:center;color:white;font-weight:700;\">2<\/div>\n                    <div>\n                        <h4 style=\"color:white;font-weight:700;\">La Proposition<\/h4>\n                        <p style=\"color:#94a3b8;font-size:14px;\">Audit, Sprint ou accompagnement selon votre situation.<\/p>\n                    <\/div>\n                <\/div>\n\n                <!-- \u00c9tape 3 -->\n                <div style=\"display:flex;gap:16px;\">\n                    <div style=\"width:48px;height:48px;border-radius:50%;background:#1e293b;border:1px solid #475569;display:flex;align-items:center;justify-content:center;color:white;font-weight:700;\">3<\/div>\n                    <div>\n                        <h4 style=\"color:white;font-weight:700;\">L\u2019Action<\/h4>\n                        <p style=\"color:#94a3b8;font-size:14px;\">On construit votre syst\u00e8me de communication.<\/p>\n                    <\/div>\n                <\/div>\n            <\/div>\n\n            <!-- Note -->\n            <div style=\"margin-top:40px;padding:16px;background:#0f172a;border-radius:12px;border:1px solid #334155;\">\n                <p style=\"color:#cbd5e1;font-size:14px;font-style:italic;\">\n                    <strong style=\"color:#2563eb;\">Note :<\/strong> 4 nouveaux clients maximum par mois pour un suivi de qualit\u00e9.\n                <\/p>\n            <\/div>\n        <\/div>\n\n        <!-- Contact -->\n        <div style=\"margin-top:48px;text-align:center;color:#64748b;font-size:14px;\">\n            <p>\n                \n                <\/a>\n            <\/p>\n        <\/div>\n    <\/div>\n<\/section>\n\t\t\t\t<\/div>\n\t\t\t\t<\/div>\n\t\t\t\t<div class=\"elementor-element elementor-element-492554f elementor-view-default elementor-widget elementor-widget-icon\" data-id=\"492554f\" data-element_type=\"widget\" data-e-type=\"widget\" data-widget_type=\"icon.default\">\n\t\t\t\t<div class=\"elementor-widget-container\">\n\t\t\t\t\t\t\t<div class=\"elementor-icon-wrapper\">\n\t\t\t<div class=\"elementor-icon\">\n\t\t\t<i aria-hidden=\"true\" class=\"fas fa-star\"><\/i>\t\t\t<\/div>\n\t\t<\/div>\n\t\t\t\t\t\t<\/div>\n\t\t\t\t<\/div>\n\t\t\t\t\t<\/div>\n\t\t<\/div>\n\t\t\t\t\t<\/div>\n\t\t<\/section>\n\t\t\t\t<section class=\"elementor-section elementor-top-section elementor-element elementor-element-8091927 elementor-section-boxed elementor-section-height-default elementor-section-height-default\" data-id=\"8091927\" data-element_type=\"section\" data-e-type=\"section\">\n\t\t\t\t\t\t<div class=\"elementor-container elementor-column-gap-default\">\n\t\t\t\t\t<div class=\"elementor-column elementor-col-100 elementor-top-column elementor-element elementor-element-9fa0ed7\" data-id=\"9fa0ed7\" data-element_type=\"column\" data-e-type=\"column\">\n\t\t\t<div class=\"elementor-widget-wrap elementor-element-populated\">\n\t\t\t\t\t\t<div class=\"elementor-element elementor-element-e40feaf elementor-widget elementor-widget-heading\" data-id=\"e40feaf\" data-element_type=\"widget\" data-e-type=\"widget\" data-widget_type=\"heading.default\">\n\t\t\t\t<div class=\"elementor-widget-container\">\n\t\t\t\t\t<h2 class=\"elementor-heading-title elementor-size-default\">Expliquez moi votre situation. <\/h2>\t\t\t\t<\/div>\n\t\t\t\t<\/div>\n\t\t\t\t\t<\/div>\n\t\t<\/div>\n\t\t\t\t\t<\/div>\n\t\t<\/section>\n\t\t\t\t<section class=\"elementor-section elementor-top-section elementor-element elementor-element-96aa499 elementor-section-boxed elementor-section-height-default elementor-section-height-default\" data-id=\"96aa499\" data-element_type=\"section\" data-e-type=\"section\">\n\t\t\t\t\t\t<div class=\"elementor-container elementor-column-gap-default\">\n\t\t\t\t\t<div class=\"elementor-column elementor-col-100 elementor-top-column elementor-element elementor-element-79d6de1\" data-id=\"79d6de1\" data-element_type=\"column\" data-e-type=\"column\">\n\t\t\t<div class=\"elementor-widget-wrap elementor-element-populated\">\n\t\t\t\t\t\t<div class=\"elementor-element elementor-element-adbb634 elementor-button-align-stretch elementor-widget elementor-widget-form\" data-id=\"adbb634\" data-element_type=\"widget\" data-e-type=\"widget\" data-settings=\"{&quot;step_next_label&quot;:&quot;Suivant&quot;,&quot;step_previous_label&quot;:&quot;Pr\\u00e9c\\u00e9dent&quot;,&quot;button_width&quot;:&quot;100&quot;,&quot;step_type&quot;:&quot;number_text&quot;,&quot;step_icon_shape&quot;:&quot;circle&quot;}\" data-widget_type=\"form.default\">\n\t\t\t\t<div class=\"elementor-widget-container\">\n\t\t\t\t\t\t\t<form class=\"elementor-form\" method=\"post\" name=\"Nouveau formulaire\" aria-label=\"Nouveau formulaire\">\n\t\t\t<input type=\"hidden\" name=\"post_id\" value=\"280\"\/>\n\t\t\t<input type=\"hidden\" name=\"form_id\" value=\"adbb634\"\/>\n\t\t\t<input type=\"hidden\" name=\"referer_title\" value=\"Contact - Julien Caudrelier communication efficace\" \/>\n\n\t\t\t\t\t\t\t<input type=\"hidden\" name=\"queried_id\" value=\"280\"\/>\n\t\t\t\n\t\t\t<div class=\"elementor-form-fields-wrapper elementor-labels-above\">\n\t\t\t\t\t\t\t\t<div class=\"elementor-field-type-text elementor-field-group elementor-column elementor-field-group-name elementor-col-100\">\n\t\t\t\t\t\t\t\t\t\t\t\t<label for=\"form-field-name\" class=\"elementor-field-label\">\n\t\t\t\t\t\t\t\tNom\t\t\t\t\t\t\t<\/label>\n\t\t\t\t\t\t\t\t\t\t\t\t\t\t<input size=\"1\" type=\"text\" name=\"form_fields[name]\" id=\"form-field-name\" class=\"elementor-field elementor-size-sm  elementor-field-textual\" placeholder=\"Nom\">\n\t\t\t\t\t\t\t\t\t\t\t<\/div>\n\t\t\t\t\t\t\t\t<div class=\"elementor-field-type-email elementor-field-group elementor-column elementor-field-group-email elementor-col-100 elementor-field-required\">\n\t\t\t\t\t\t\t\t\t\t\t\t<label for=\"form-field-email\" class=\"elementor-field-label\">\n\t\t\t\t\t\t\t\tE-mail\t\t\t\t\t\t\t<\/label>\n\t\t\t\t\t\t\t\t\t\t\t\t\t\t<input size=\"1\" type=\"email\" name=\"form_fields[email]\" id=\"form-field-email\" class=\"elementor-field elementor-size-sm  elementor-field-textual\" placeholder=\"E-mail\" required=\"required\">\n\t\t\t\t\t\t\t\t\t\t\t<\/div>\n\t\t\t\t\t\t\t\t<div class=\"elementor-field-type-textarea elementor-field-group elementor-column elementor-field-group-message elementor-col-100\">\n\t\t\t\t\t\t\t\t\t\t\t\t<label for=\"form-field-message\" class=\"elementor-field-label\">\n\t\t\t\t\t\t\t\tMessage\t\t\t\t\t\t\t<\/label>\n\t\t\t\t\t\t<textarea class=\"elementor-field-textual elementor-field  elementor-size-sm\" name=\"form_fields[message]\" id=\"form-field-message\" rows=\"4\" placeholder=\"Message\"><\/textarea>\t\t\t\t<\/div>\n\t\t\t\t\t\t\t\t<div class=\"elementor-field-group elementor-column elementor-field-type-submit elementor-col-100 e-form__buttons\">\n\t\t\t\t\t<button class=\"elementor-button elementor-size-sm\" type=\"submit\">\n\t\t\t\t\t\t<span class=\"elementor-button-content-wrapper\">\n\t\t\t\t\t\t\t\t\t\t\t\t\t\t\t\t\t\t\t\t\t\t<span class=\"elementor-button-text\">Envoyer<\/span>\n\t\t\t\t\t\t\t\t\t\t\t\t\t<\/span>\n\t\t\t\t\t<\/button>\n\t\t\t\t<\/div>\n\t\t\t<\/div>\n\t\t<\/form>\n\t\t\t\t\t\t<\/div>\n\t\t\t\t<\/div>\n\t\t\t\t\t<\/div>\n\t\t<\/div>\n\t\t\t\t\t<\/div>\n\t\t<\/section>\n\t\t\t\t<section class=\"elementor-section elementor-top-section elementor-element elementor-element-37783c6 elementor-section-boxed elementor-section-height-default elementor-section-height-default\" data-id=\"37783c6\" data-element_type=\"section\" data-e-type=\"section\">\n\t\t\t\t\t\t<div class=\"elementor-container elementor-column-gap-default\">\n\t\t\t\t\t<div class=\"elementor-column elementor-col-100 elementor-top-column elementor-element elementor-element-cc50a89\" data-id=\"cc50a89\" data-element_type=\"column\" data-e-type=\"column\">\n\t\t\t<div class=\"elementor-widget-wrap elementor-element-populated\">\n\t\t\t\t\t\t<div class=\"elementor-element elementor-element-7320f89 elementor-widget elementor-widget-html\" data-id=\"7320f89\" data-element_type=\"widget\" data-e-type=\"widget\" data-widget_type=\"html.default\">\n\t\t\t\t<div class=\"elementor-widget-container\">\n\t\t\t\t\tContact direct :\n                <a href=\"mailto:julien.caudrelier@gmail.com\" style=\"color:#2563eb;font-weight:700;text-decoration:none;\">\n                    julien.caudrelier@gmail.com \n                    \t\t\t\t<\/div>\n\t\t\t\t<\/div>\n\t\t\t\t\t<\/div>\n\t\t<\/div>\n\t\t\t\t\t<\/div>\n\t\t<\/section>\n\t\t\t\t<\/div>\n\t\t","protected":false},"excerpt":{"rendered":"<p>Franchissez un capavec une communication qui rapporte ! \u23f1\ufe0f 30 min de diagnostic gratuit \u2022 Sans engagement \u2022 4 places\/mois \u2705Sans engagement \u26a1R\u00e9ponse sous 24h \ud83c\udfaf4 places\/mois \u23f1\ufe0f30 min chrono \u2139\ufe0f Comment \u00e7a marche ? 1 Le Diagnostic (Gratuit) 30 min en visio. On identifie vos blocages. Je vous dis franchement si mon approche est [&hellip;]<\/p>\n","protected":false},"author":1,"featured_media":0,"parent":0,"menu_order":0,"comment_status":"closed","ping_status":"closed","template":"elementor_header_footer","meta":{"footnotes":""},"class_list":["post-280","page","type-page","status-publish","hentry"],"yoast_head":"<!-- This site is optimized with the Yoast SEO plugin v27.6 - https:\/\/yoast.com\/product\/yoast-seo-wordpress\/ -->\n<title>Contact - Julien Caudrelier communication efficace<\/title>\n<meta name=\"description\" content=\"Formations et conseils pour d\u00e9velopper durablement votre client\u00e8le. Solutions de communication efficaces pour les entreprises et ind\u00e9pendants.\" \/>\n<meta name=\"robots\" content=\"index, follow, max-snippet:-1, max-image-preview:large, max-video-preview:-1\" \/>\n<link rel=\"canonical\" href=\"https:\/\/juliencaudrelier.fr\/index.php\/contact\/\" \/>\n<meta property=\"og:locale\" content=\"fr_FR\" \/>\n<meta property=\"og:type\" content=\"article\" \/>\n<meta property=\"og:title\" content=\"Contact - Julien Caudrelier communication efficace\" \/>\n<meta property=\"og:description\" content=\"Formations et conseils pour d\u00e9velopper durablement votre client\u00e8le. Solutions de communication efficaces pour les entreprises et ind\u00e9pendants.\" \/>\n<meta property=\"og:url\" content=\"https:\/\/juliencaudrelier.fr\/index.php\/contact\/\" \/>\n<meta property=\"og:site_name\" content=\"Julien Caudrelier communication efficace\" \/>\n<meta property=\"article:modified_time\" content=\"2025-12-20T08:05:34+00:00\" \/>\n<meta name=\"twitter:card\" content=\"summary_large_image\" \/>\n<meta name=\"twitter:label1\" content=\"Dur\u00e9e de lecture estim\u00e9e\" \/>\n\t<meta name=\"twitter:data1\" content=\"1 minute\" \/>\n<script type=\"application\/ld+json\" class=\"yoast-schema-graph\">{\"@context\":\"https:\\\/\\\/schema.org\",\"@graph\":[{\"@type\":\"WebPage\",\"@id\":\"https:\\\/\\\/juliencaudrelier.fr\\\/index.php\\\/contact\\\/\",\"url\":\"https:\\\/\\\/juliencaudrelier.fr\\\/index.php\\\/contact\\\/\",\"name\":\"Contact - Julien Caudrelier communication efficace\",\"isPartOf\":{\"@id\":\"https:\\\/\\\/juliencaudrelier.fr\\\/#website\"},\"datePublished\":\"2019-05-10T05:09:01+00:00\",\"dateModified\":\"2025-12-20T08:05:34+00:00\",\"description\":\"Formations et conseils pour d\u00e9velopper durablement votre client\u00e8le. Solutions de communication efficaces pour les entreprises et ind\u00e9pendants.\",\"breadcrumb\":{\"@id\":\"https:\\\/\\\/juliencaudrelier.fr\\\/index.php\\\/contact\\\/#breadcrumb\"},\"inLanguage\":\"fr-FR\",\"potentialAction\":[{\"@type\":\"ReadAction\",\"target\":[\"https:\\\/\\\/juliencaudrelier.fr\\\/index.php\\\/contact\\\/\"]}]},{\"@type\":\"BreadcrumbList\",\"@id\":\"https:\\\/\\\/juliencaudrelier.fr\\\/index.php\\\/contact\\\/#breadcrumb\",\"itemListElement\":[{\"@type\":\"ListItem\",\"position\":1,\"name\":\"Accueil\",\"item\":\"https:\\\/\\\/juliencaudrelier.fr\\\/\"},{\"@type\":\"ListItem\",\"position\":2,\"name\":\"Contact\"}]},{\"@type\":\"WebSite\",\"@id\":\"https:\\\/\\\/juliencaudrelier.fr\\\/#website\",\"url\":\"https:\\\/\\\/juliencaudrelier.fr\\\/\",\"name\":\"Julien Caudrelier communication efficace\",\"description\":\"Consultant formateur strat\u00e9gie de communication\",\"publisher\":{\"@id\":\"https:\\\/\\\/juliencaudrelier.fr\\\/#organization\"},\"potentialAction\":[{\"@type\":\"SearchAction\",\"target\":{\"@type\":\"EntryPoint\",\"urlTemplate\":\"https:\\\/\\\/juliencaudrelier.fr\\\/?s={search_term_string}\"},\"query-input\":{\"@type\":\"PropertyValueSpecification\",\"valueRequired\":true,\"valueName\":\"search_term_string\"}}],\"inLanguage\":\"fr-FR\"},{\"@type\":\"Organization\",\"@id\":\"https:\\\/\\\/juliencaudrelier.fr\\\/#organization\",\"name\":\"Julien Caudrelier conseil en strat\u00e9gie de communication\",\"url\":\"https:\\\/\\\/juliencaudrelier.fr\\\/\",\"logo\":{\"@type\":\"ImageObject\",\"inLanguage\":\"fr-FR\",\"@id\":\"https:\\\/\\\/juliencaudrelier.fr\\\/#\\\/schema\\\/logo\\\/image\\\/\",\"url\":\"https:\\\/\\\/juliencaudrelier.fr\\\/wp-content\\\/uploads\\\/2020\\\/08\\\/cropped-julien-Caudrelier-2-1.png\",\"contentUrl\":\"https:\\\/\\\/juliencaudrelier.fr\\\/wp-content\\\/uploads\\\/2020\\\/08\\\/cropped-julien-Caudrelier-2-1.png\",\"width\":486,\"height\":137,\"caption\":\"Julien Caudrelier conseil en strat\u00e9gie de communication\"},\"image\":{\"@id\":\"https:\\\/\\\/juliencaudrelier.fr\\\/#\\\/schema\\\/logo\\\/image\\\/\"},\"sameAs\":[\"https:\\\/\\\/www.linkedin.com\\\/in\\\/julien-caudrelier-71933710b\\\/\"]}]}<\/script>\n<!-- \/ Yoast SEO plugin. -->","yoast_head_json":{"title":"Contact - Julien Caudrelier communication efficace","description":"Formations et conseils pour d\u00e9velopper durablement votre client\u00e8le. Solutions de communication efficaces pour les entreprises et ind\u00e9pendants.","robots":{"index":"index","follow":"follow","max-snippet":"max-snippet:-1","max-image-preview":"max-image-preview:large","max-video-preview":"max-video-preview:-1"},"canonical":"https:\/\/juliencaudrelier.fr\/index.php\/contact\/","og_locale":"fr_FR","og_type":"article","og_title":"Contact - Julien Caudrelier communication efficace","og_description":"Formations et conseils pour d\u00e9velopper durablement votre client\u00e8le. Solutions de communication efficaces pour les entreprises et ind\u00e9pendants.","og_url":"https:\/\/juliencaudrelier.fr\/index.php\/contact\/","og_site_name":"Julien Caudrelier communication efficace","article_modified_time":"2025-12-20T08:05:34+00:00","twitter_card":"summary_large_image","twitter_misc":{"Dur\u00e9e de lecture estim\u00e9e":"1 minute"},"schema":{"@context":"https:\/\/schema.org","@graph":[{"@type":"WebPage","@id":"https:\/\/juliencaudrelier.fr\/index.php\/contact\/","url":"https:\/\/juliencaudrelier.fr\/index.php\/contact\/","name":"Contact - Julien Caudrelier communication efficace","isPartOf":{"@id":"https:\/\/juliencaudrelier.fr\/#website"},"datePublished":"2019-05-10T05:09:01+00:00","dateModified":"2025-12-20T08:05:34+00:00","description":"Formations et conseils pour d\u00e9velopper durablement votre client\u00e8le. Solutions de communication efficaces pour les entreprises et ind\u00e9pendants.","breadcrumb":{"@id":"https:\/\/juliencaudrelier.fr\/index.php\/contact\/#breadcrumb"},"inLanguage":"fr-FR","potentialAction":[{"@type":"ReadAction","target":["https:\/\/juliencaudrelier.fr\/index.php\/contact\/"]}]},{"@type":"BreadcrumbList","@id":"https:\/\/juliencaudrelier.fr\/index.php\/contact\/#breadcrumb","itemListElement":[{"@type":"ListItem","position":1,"name":"Accueil","item":"https:\/\/juliencaudrelier.fr\/"},{"@type":"ListItem","position":2,"name":"Contact"}]},{"@type":"WebSite","@id":"https:\/\/juliencaudrelier.fr\/#website","url":"https:\/\/juliencaudrelier.fr\/","name":"Julien Caudrelier communication efficace","description":"Consultant formateur strat\u00e9gie de communication","publisher":{"@id":"https:\/\/juliencaudrelier.fr\/#organization"},"potentialAction":[{"@type":"SearchAction","target":{"@type":"EntryPoint","urlTemplate":"https:\/\/juliencaudrelier.fr\/?s={search_term_string}"},"query-input":{"@type":"PropertyValueSpecification","valueRequired":true,"valueName":"search_term_string"}}],"inLanguage":"fr-FR"},{"@type":"Organization","@id":"https:\/\/juliencaudrelier.fr\/#organization","name":"Julien Caudrelier conseil en strat\u00e9gie de communication","url":"https:\/\/juliencaudrelier.fr\/","logo":{"@type":"ImageObject","inLanguage":"fr-FR","@id":"https:\/\/juliencaudrelier.fr\/#\/schema\/logo\/image\/","url":"https:\/\/juliencaudrelier.fr\/wp-content\/uploads\/2020\/08\/cropped-julien-Caudrelier-2-1.png","contentUrl":"https:\/\/juliencaudrelier.fr\/wp-content\/uploads\/2020\/08\/cropped-julien-Caudrelier-2-1.png","width":486,"height":137,"caption":"Julien Caudrelier conseil en strat\u00e9gie de communication"},"image":{"@id":"https:\/\/juliencaudrelier.fr\/#\/schema\/logo\/image\/"},"sameAs":["https:\/\/www.linkedin.com\/in\/julien-caudrelier-71933710b\/"]}]}},"_links":{"self":[{"href":"https:\/\/juliencaudrelier.fr\/index.php\/wp-json\/wp\/v2\/pages\/280","targetHints":{"allow":["GET"]}}],"collection":[{"href":"https:\/\/juliencaudrelier.fr\/index.php\/wp-json\/wp\/v2\/pages"}],"about":[{"href":"https:\/\/juliencaudrelier.fr\/index.php\/wp-json\/wp\/v2\/types\/page"}],"author":[{"embeddable":true,"href":"https:\/\/juliencaudrelier.fr\/index.php\/wp-json\/wp\/v2\/users\/1"}],"replies":[{"embeddable":true,"href":"https:\/\/juliencaudrelier.fr\/index.php\/wp-json\/wp\/v2\/comments?post=280"}],"version-history":[{"count":81,"href":"https:\/\/juliencaudrelier.fr\/index.php\/wp-json\/wp\/v2\/pages\/280\/revisions"}],"predecessor-version":[{"id":2860,"href":"https:\/\/juliencaudrelier.fr\/index.php\/wp-json\/wp\/v2\/pages\/280\/revisions\/2860"}],"wp:attachment":[{"href":"https:\/\/juliencaudrelier.fr\/index.php\/wp-json\/wp\/v2\/media?parent=280"}],"curies":[{"name":"wp","href":"https:\/\/api.w.org\/{rel}","templated":true}]}}